lse
Is 4424583707 a prime number?
False
Is 1048560973 prime?
False
Is 432943759 prime?
True
Is 7979031691 a composite number?
False
Is 1019491579 a prime number?
True
Is 217448971 composite?
False
Is 18978234959 composite?
True
Is 2161111567 a composite number?
True
Is 70706482193 a prime number?
True
Is 5273075305 a prime number?
False
Is 295012687 composite?
True
Is 6068152079 composite?
True
Is 65919536519 prime?
False
Is 6895252031 a composite number?
True
Is 122874863 prime?
True
Is 29136940573 composite?
True
Is 20989039363 a prime number?
True
Is 14985409 prime?
True
Is 42081697921 prime?
False
Is 46653542893 composite?
True
Is 9129867191 composite?
False
Is 8287770019 a prime number?
True
Is 168931507 prime?
False
Is 178054328279 composite?
True
Is 117194004083 composite?
True
Is 6402685901 prime?
True
Is 9597785321 composite?
False
Is 195521629 prime?
True
Is 2038871077 a composite number?
False
Is 149333633 a prime number?
True
Is 1377017 a prime number?
False
Is 36520320857 composite?
False
Is 1083807707 a composite number?
True
Is 2805071837 composite?
True
Is 267499439 a composite number?
True
Is 2977410554 composite?
True
Is 13261033999 prime?
True
Is 331637167 prime?
True
Is 295913167 a prime number?
False
Is 3525381173 a composite number?
True
Is 177447839 a composite number?
True
Is 3419934121 prime?
True
Is 733254653 a prime number?
True
Is 112943723839 composite?
True
Is 59812123507 a prime number?
False
Is 17354982473 a composite number?
False
Is 1691468089 composite?
True
Is 53680683581 composite?
True
Is 217788749 prime?
False
Is 4614717041 a composite number?
True
Is 7345270927 a composite number?
True
Is 7530980521 a composite number?
False
Is 3051089563 a prime number?
False
Is 210125706083 a prime number?
True
Is 4270681001 composite?
True
Is 9577634221 composite?
True
Is 3731511521 prime?
False
Is 120762595 composite?
True
Is 2541536545 prime?
False
Is 215411023 a composite number?
False
Is 317125051 a composite number?
False
Is 11233728577 composite?
True
Is 25593954271 composite?
False
Is 146999843 a composite number?
True
Is 1524296053 a prime number?
False
Is 2882797493 prime?
True
Is 39299434 a prime number?
False
Is 945702889 a prime number?
False
Is 1976801039 a composite number?
False
Is 34863683969 prime?
True
Is 8164427627 prime?
False
Is 13375003989 a prime number?
False
Is 174936814067 prime?
True
Is 4383559187 prime?
False
Is 2364254381 a composite number?
True
Is 138263440789 composite?
True
Is 3448272589 a composite number?
True
Is 488923339 composite?
True
Is 12263509837 a composite number?
False
Is 70136289397 a prime number?
True
Is 223686247343 prime?
False
Is 3330802931 a composite number?
True
Is 3934357351 a composite number?
False
Is 35339041561 prime?
True
Is 729821419 a composite number?
True
Is 1190400499 prime?
True
Is 79334427737 a composite number?
False
Is 18159280933 a composite number?
False
Is 66822756227 a prime number?
True
Is 1169325599 prime?
False
Is 193368404621 prime?
False
Is 778492921 prime?
False
Is 111682341649 prime?
True
Is 7447492711 composite?
True
Is 14944108061 composite?
False
Is 2652953521 a composite number?
True
Is 4806000361 prime?
False
Is 1312535909 a composite number?
False
Is 3712332947 composite?
False
Is 4004535371 a composite number?
True
Is 547358143 a composite number?
False
Is 1168562953 prime?
False
Is 77930126179 a composite number?
True
Is 65819416019 a prime number?
False
Is 603159727 prime?
False
Is 560574491 composite?
False
Is 12143418233 prime?
False
Is 3056763233 prime?
True
Is 4166282311 prime?
True
Is 1647892033 a composite number?
True
Is 29634660043 composite?
False
Is 705397783 a prime number?
True
Is 385285057 composite?
True
Is 7894869737 a prime number?
True
Is 536283529 composite?
True
Is 35393230207 a prime number?
False
Is 51163117 prime?
True
Is 9272104223 a prime number?
True
Is 436673431 a composite number?
False
Is 1088637353 a prime number?
True
Is 4890311641 a prime number?
False
Is 15909644101 prime?
False
Is 124669511 a prime number?
False
Is 427870693 prime?
False
Is 2039880349 composite?
True
Is 15034826101 a prime number?
False
Is 2297389217 composite?
False
Is 6182234869 a prime number?
True
Is 50463484979 a composite number?
True
Is 1791917503 a composite number?
True
Is 400020539 composite?
False
Is 73988986943 a composite number?
False
Is 4003000291 composite?
True
Is 457091659 composite?
True
Is 2713792357 a composite number?
False
Is 2651109117 prime?
False
Is 13127926127 a composite number?
False
Is 578665403 composite?
True
Is 45324435311 a composite number?
False
Is 2896584413 prime?
False
Is 635887849 a composite number?
False
Is 16682607665 prime?
False
Is 12018037963 a composite number?
False
Is 17873520509 a composite number?
True
Is 59444099527 a composite number?
True
Is 32361169499 composite?
False
Is 38892435013 a composite number?
False
Is 3958960501 a composite number?
True
Is 1885465826 a prime number?
False
Is 35748385403 a composite number?
True
Is 11045251879 a composite number?
False
Is 168951351 composite?
True
Is 2376240619 a prime number?
True
Is 16968528091 a prime number?
False
Is 25232547643 composite?
False
Is 31334857303 a prime number?
True
Is 16068917 a composite number?
False
Is 19513131413 a composite number?
True
Is 427027789 composite?
True
Is 34600053727 a prime number?
True
Is 6074797231 prime?
False
Is 46462704221 prime?
True
Is 4840919329 a composite number?
True
Is 1268130063 prime?
False
Is 2643721994 a composite number?
True
Is 17325708977 a prime number?
True
Is 133948289 composite?
False
Is 10134024539 a composite number?
True
Is 1992101081 prime?
True
Is 14749509881 composite?
True
Is 4493921323 a prime number?
False
Is 55077439937 a composite number?
True
Is 9731202953 prime?
True
Is 2490899069 prime?
False
Is 12428297851 a composite number?
True
Is 1883929913 composite?
True
Is 2612258023 prime?
False
Is 4896860435 prime?
False
Is 15641408087 a composite number?
False
Is 44044902667 a prime number?
True
Is 21610103365 a composite number?
True
Is 7583728031 a composite number?
True
Is 1469355227 prime?
True
Is 21517843 composite?
False
Is 17084018353 composite?
False
Is 1682862217 a prime number?
True
Is 3517532167 a prime number?
True
Is 22598594441 prime?
False
Is 3962419067 composite?
False
Is 99186426919 composite?
False
Is 214720201 a composite number?
True
Is 2329114451 prime?
True
Is 15710967751 a prime number?
False
Is 19705405 a composite number?
True
Is 134066420983 prime?
False
Is 8269837183 prime?
True
Is 977819069 a prime number?
True
Is 24071614031 prime?
False
Is 1214488633 prime?
True
Is 934851611 prime?
False
Is 69817039667 a prime number?
False
Is 670850053 a prime number?
True
Is 1140306389 a prime number?
True
Is 40814306387 prime?
True
Is 14009200507 composite?
True
Is 113136091 prime?
True
Is 157326693311 composite?
True
Is 240318269 prime?
False
Is 4944517846 composite?
True
Is 570110977 a prime number?
True
Is 6526572209 a prime number?
False
Is 20852661829 a composite number?
False
Is 482232949 prime?
False
Is 678466927 prime?
False
Is 254574851 composite?
True
Is 1268401741 prime?
True
Is 51976019 a prime number?
False
Is 25525618741 a composite number?
True
Is 11953745387 prime?
True
Is 334021003 a composite number?
True
Is 12225580891 a composite number?
False
Is 55122893693 a prime number?
False
Is 4689037763 a prime number?
True
Is 126215077 composite?
False
Is 1890541141 composite?
False
Is 13909810613 a composite number?
True
Is 19804852519 a prime number?
False
Is 1554490261 a composite number?
True
Is 1130937763 a composite number?
False
Is 3119632457 prime?
False
Is 3084889321 a composite number?
True
Is 299018127883 a composite number?
True
Is 163942553 prime?
True
Is 104388152371 a composite number?
True
Is 64375229761 prime?
False
Is 284748392939 a prime number?
False
Is 2496813701 a prime number?
True
Is 3433288769 a composite number?
True
Is 91261328303 prime?
True
Is 9101676581 a prime number?
False
Is 48101145557 a composite number?
True
Is 283381318843 a composite number?
True
Is 1048957003 a composite number?
True
Is 2661482963 a prime number?
False
Is 3426671177 a prime number?
True
Is 960115881 a prime number?
False
Is 19621